2 is divided by 64?
62
Calculate the remainder when 353 is divided by 90.
83
What is the remainder when 287 is divided by 97?
93
What is the remainder when 250 is divided by 65?
55
What is the remainder when 2477 is divided by 1218?
41
What is the remainder when 1406 is divided by 47?
43
What is the remainder when 474 is divided by 19?
18
What is the remainder when 1016 is divided by 17?
13
Calculate the remainder when 3656 is divided by 53.
52
What is the remainder when 1117 is divided by 161?
151
Calculate the remainder when 149 is divided by 46.
11
Calculate the remainder when 1046 is divided by 8.
6
Calculate the remainder when 143 is divided by 21.
17
Calculate the remainder when 4420 is divided by 22.
20
Calculate the remainder when 718 is divided by 185.
163
What is the remainder when 11717 is divided by 9?
8
What is the remainder when 2262 is divided by 21?
15
Calculate the remainder when 213 is divided by 46.
29
Calculate the remainder when 208 is divided by 35.
33
Calculate the remainder when 839 is divided by 42.
41
Calculate the remainder when 355 is divided by 36.
31
Calculate the remainder when 304 is divided by 116.
72
Calculate the remainder when 302 is divided by 101.
100
What is the remainder when 255 is divided by 30?
15
What is the remainder when 206 is divided by 58?
32
Calculate the remainder when 2701 is divided by 53.
51
What is the remainder when 374 is divided by 74?
4
Calculate the remainder when 669 is divided by 652.
17
Calculate the remainder when 98 is divided by 30.
8
What is the remainder when 136 is divided by 60?
16
Calculate the remainder when 1466 is divided by 15.
11
What is the remainder when 1287 is divided by 460?
367
Calculate the remainder when 170 is divided by 78.
14
Calculate the remainder when 445 is divided by 92.
77
Calculate the remainder when 1957 is divided by 109.
104
Calculate the remainder when 314 is divided by 45.
44
Calculate the remainder when 657 is divided by 66.
63
Calculate the remainder when 570 is divided by 284.
2
Calculate the remainder when 2073 is divided by 12.
9
Calculate the remainder when 139 is divided by 63.
13
Calculate the remainder when 248 is divided by 36.
32
What is the remainder when 628 is divided by 37?
36
Calculate the remainder when 827 is divided by 5.
2
What is the remainder when 1004 is divided by 332?
8
What is the remainder when 131 is divided by 55?
21
Calculate the remainder when 280 is divided by 79.
43
Calculate the remainder when 10575 is divided by 43.
40
Calculate the remainder when 31 is divided by 21.
10
What is the remainder when 182 is divided by 53?
23
Calculate the remainder when 13376 is divided by 21.
20
What is the remainder when 1649 is divided by 118?
115
What is the remainder when 760 is divided by 30?
10
Calculate the remainder when 169 is divided by 25.
19
What is the remainder when 135 is divided by 42?
9
What is the remainder when 2837 is divided by 129?
128
Calculate the remainder when 193 is divided by 25.
18
What is the remainder when 570 is divided by 22?
20
Calculate the remainder when 3696 is divided by 118.
38
Calculate the remainder when 552 is divided by 111.
108
What is the remainder when 1901 is divided by 56?
53
What is the remainder when 524 is divided by 104?
4
What is the remainder when 303 is divided by 50?
3
What is the remainder when 3836 is divided by 23?
18
What is the remainder when 471 is divided by 59?
58
What is the remainder when 150 is divided by 57?
36
Calculate the remainder when 1027 is divided by 134.
89
Calculate the remainder when 1125 is divided by 49.
47
What is the remainder when 47 is divided by 28?
19
Calculate the remainder when 2079 is divided by 21.
0
Calculate the remainder when 638 is divided by 102.
26
What is the remainder when 233 is divided by 22?
13
What is the remainder when 219 is divided by 87?
45
Calculate the remainder when 706 is divided by 34.
26
Calculate the remainder when 230 is divided by 11.
10
What is the remainder when 55 is divided by 32?
23
What is the remainder when 3718 is divided by 8?
6
Calculate the remainder when 7 is divided by 4.
3
Calculate the remainder when 101 is divided by 27.
20
What is the remainder when 532 is divided by 87?
10
Calculate the remainder when 541 is divided by 267.
7
Calculate the remainder when 134 is divided by 37.
23
Calculate the remainder when 2246 is divided by 45.
41
What is the remainder when 49 is divided by 27?
22
What is the remainder when 1319 is divided by 25?
19
What is the remainder when 66 is divided by 31?
4
What is the remainder when 142 is divided by 51?
40
Calculate the remainder when 1658 is divided by 10.
8
What is the remainder when 8812 is divided by 147?
139
What is the remainder when 572 is divided by 41?
39
What is the remainder when 62 is divided by 36?
26
Calculate the remainder when 279 is divided by 132.
15
What is the remainder when 398 is divided by 146?
106
What is the remainder when 1366 is divided by 152?
150
What is the remainder when 11 is divided by 6?
5
Calculate the remainder when 4707 is divided by 7.
3
What is the remainder when 1318 is divided by 70?
58
Calculate the remainder when 4678 is divided by 130.
128
What is the remainder when 442 is divided by 18?
10
What is the remainder when 37 is divided by 16?
5
Calculate the remainder when 693 is divided by 76.
9
Calculate the remainder when 6260 is divided by 62.
60
What is the remainder when 230 is divided by 112?
6
What is the remainder when 673 is divided by 293?
87
What is the remainder when 759 is divided by 112?
87
Calculate the remainder when 429 is divided by 43.
42
What is the remainder when 114 is divided by 27?
6
What is the remainder when 231 is divided by 39?
36
Calculate the remainder when 1169 is divided by 200.
169
What is the remainder when 37 is divided by 8?
5
Calculate the remainder when 150 is divided by 29.
5
Calculate the remainder when 4888 is divided by 10.
8
Calculate the remainder when 1937 is divided by 108.
101
What is the remainder when 161 is divided by 58?
45
What is the remainder when 177 is divided by 10?
7
Calculate the remainder when 371 is divided by 30.
11
Calculate the remainder when 831 is divided by 49.
47
What is the remainder when 1181 is divided by 44?
37
What is the remainder when 184 is divided by 57?
13
Calculate the remainder when 322 is divided by 36.
34
Calculate the remainder when 3595 is divided by 25.
20
Calculate the remainder when 5333 is divided by 23.
20
Calculate the remainder when 719 is divided by 162.
71
What is the remainder when 1958 is divided by 611?
125
Calculate the remainder when 146 is divided by 15.
11
What is the remainder when 40 is divided by 22?
18
Calculate the remainder when 1584 is divided by 144.
0
What is the remainder when 111 is divided by 28?
27
What is the remainder when 2798 is divided by 28?
26
Calculate the remainder when 324 is divided by 11.
5
What is the remainder when 3705 is divided by 103?
100
What is the remainder when 4912 is divided by 18?
16
What is the remainder when 5979 is divided by 16?
11
What is the remainder when 101 is divided by 94?
7
What is the remainder when 442 is divided by 95?
62
Calculate the remainder when 43 is divided by 2.
1
What is the remainder when 173 is divided by 31?
18
What is the remainder when 5535 is divided by 213?
210
What is the remainder when 229 is divided by 16?
5
What is the remainder when 15842 is divided by 17?
15
What is the remainder when 754 is divided by 151?
150
What is the remainder when 3571 is divided by 276?
259
What is the remainder when 392 is divided by 99?
95
What is the remainder when 693 is divided by 25?
18
What is the remainder when 4697 is divided by 50?
47
What is the remainder when 2363 is divided by 19?
7
Calculate the remainder when 163 is divided by 2.
1
Calculate the remainder when 673 is divided by 226.
221
What is the remainder when 467 is divided by 59?
54
What is the remainder when 737 is divided by 193?
158
Calculate the remainder when 277 is divided by 31.
29
What is the remainder when 41 is divided by 20?
1
Calculate the remainder when 162 is divided by 14.
8
What is the remainder when 141 is divided by 61?
19
What is the remainder when 9026 is divided by 70?
66
What is the remain